atest common divisor of a and f?
2
Suppose -5*i + 16666 = -2*q, 56*i + 2*q = 52*i + 13322. What is the greatest common divisor of 343 and i?
49
Suppose -j = -89 + 170. Let k be (-3*(-4)/(-36))/1*j. Let h = -149 - -338. Calculate the highest common divisor of k and h.
27
Suppose 489*l = 473*l + 26368. What is the highest common factor of l and 1030?
206
Let c = 563 + -203. Suppose -25 = -3*i + 5*v + 11, v = -5*i + 60. Suppose 0 = -11*x - i*x + 1035. What is the highest common factor of c and x?
45
Suppose -3*q = -10*q - 98. Let r = q - -18. Suppose -5*a + 122 = -4*g - 0*g, -r*g - 56 = -2*a. Calculate the greatest common factor of a and 2.
2
Let j = 42 - 44. Let v be ((-60)/3 + j)*-5. Let l be 2/1 - v/(-11). What is the greatest common divisor of 36 and l?
12
Let m be (443 + 11 - 8) + -6 + 4. What is the highest common factor of 180 and m?
12
Let u be 48 + 89 - (-7)/1. Suppose 5*n + u = 13*n. What is the highest common divisor of 27 and n?
9
Let l = -374 + 37. Let z = l + 356. What is the highest common factor of z and 133?
19
Suppose -137*m + 149*m = -420. Let k(t) = -t**2 - 34*t + 98. Let d be k(m). Calculate the highest common factor of d and 45.
9
Let f be 5/((-1)/((-44)/(-2))). Let j be f*((-1)/(-2))/(-1). Suppose 0 = -c + x + 12219 - 12199, -3*x = 27. Calculate the highest common divisor of j and c.
11
Suppose 0 = 4*z - 12, 0*z - 2*z = 4*c - 1046. Let d be (-6)/15 - 262/(-5). What is the highest common factor of c and d?
52
Let r be (6/7)/(-1 + 1716/1722). Let o = 378 + r. Calculate the greatest common divisor of o and 3.
3
Let g = -65 - -62. Let n be (g + 31/4)*60. Suppose -12*r + 263 - 83 = 0. What is the greatest common factor of n and r?
15
Suppose -7*w + 9*w = 0. Suppose 0 = -5*l - k - k + 1432, 4*k - 4 = w. Let v = -29 + 55. What is the highest common factor of l and v?
26
Let o = -40 - -43. Suppose 0 = 4*z + 5*s + 280, 317 = -5*z + 5*s - o*s. Let r = z + 101. Calculate the greatest common factor of 9 and r.
9
Suppose 5*o + 903 = d, 5*d = 58*o - 56*o + 4538. What is the greatest common divisor of d and 8?
4
Let j = 6438 - 5458. What is the greatest common factor of j and 252?
28
Suppose -47*l + 24 = -43*l, -f + 624 = 5*l. What is the greatest common factor of f and 189?
27
Suppose -44*h + 90*h + 7 = 53. Calculate the highest common divisor of 1261 and h.
1
Let m be (-28 + -113)/((-15)/70). What is the greatest common factor of 14 and m?
14
Let j be 3*(-1)/9*-9. Suppose -2*q + z + 308 = -j*z, 3*q = -z + 441. What is the greatest common factor of q and 185?
37
Let w be (-50)/6 + 9 + (-79)/(-3). Suppose -67*u + w*u = -160. What is the highest common factor of 98 and u?
2
Let s = -15281 + 32179. What is the greatest common divisor of 34 and s?
34
Suppose 0 = -34*x + 1234 + 3877 - 861. Calculate the greatest common factor of x and 1.
1
Suppose -12*k = -16*k + 640. Calculate the greatest common divisor of k and 5.
5
Let a = 11525 + -5566. What is the highest common factor of a and 101?
101
Let g = 8170 - 6524. What is the greatest common factor of g and 2?
2
Let b = -121 + 126. Suppose b*g = o + 1450, -4*g + 1160 = -18*o + 19*o. Calculate the highest common divisor of 20 and g.
10
Let w = -14058 + 24603. What is the highest common divisor of 75 and w?
15
Let q be (1/1)/(-9 - 49737*6/(-33156)). Calculate the highest common factor of q and 78.
6
Let x(f) = 2*f**2 + 24*f + 259. Let i be x(-8). Calculate the highest common divisor of i and 2795.
65
Suppose 5318 = 37*j - 5856. Suppose 10 = 26*v - j. Let r be (2/(-5))/((-1)/270). Calculate the highest common divisor of r and v.
12
Suppose 2*g + 7 = 3*g. Let c = g - 1. Suppose 4*a - 52 = -4*w, -32*w + a + 41 = -27*w. Calculate the greatest common divisor of w and c.
3
Let u(t) = 1546*t**3 - t**2 - t - 3. Let p be u(1). What is the greatest common divisor of p and 23?
23
Suppose d + 5*j - 6 = 0, -2*d + 5*j + 39 = 27. Let w = -27 - -60. What is the highest common divisor of d and w?
3
Let k be 22429/44 + (-2)/(-8). Let q = 741 - k. Calculate the highest common factor of q and 22.
11
Let o(t) = -6*t**3 - 1. Let k be o(-1). Let w(i) = -i**3 + 5*i**2 + 17*i - 30. Let h be w(5). Calculate the highest common divisor of h and k.
5
Suppose 3*r = 4*w + 1928, -1015*w - 1 = -1016*w. What is the greatest common factor of r and 92?
92
Let h(f) = -11*f**2 - 451*f + 51. Let u be h(-41). What is the greatest common divisor of 1343 and u?
17
Suppose 0 = -40*n + 50*n. Suppose -u + 559 = 2*o, n = -3*o + u - 199 + 1035. What is the highest common factor of 62 and o?
31
Let l = 9212 - 8764. What is the greatest common divisor of l and 21?
7
Let c(m) = -m**3 - 6*m**2 + 3*m - 11. Let t be c(-7). Suppose 0 = -2*p - 27*p + 1972. Calculate the greatest common divisor of p and t.
17
Let f be (-434)/(-12) - 9/54. Suppose 7*p = 482 + 1250 + 872. What is the greatest common factor of p and f?
12
Let q(d) = -d**3 - 9*d**2 - 21*d - 126. Suppose 62*p = 55*p - 63. Let u be q(p). What is the greatest common factor of u and 105?
21
Suppose -75 = -5*o + 5*j, -28*j + 26*j + 33 = 5*o. Calculate the greatest common divisor of o and 57069.
9
Let r = 14851 - 12787. What is the highest common divisor of r and 1204?
172
Let a = 157 + -109. Let w = a + -30. Let z(b) = -b**2 - 22*b + 174. Let j be z(-24). What is the greatest common factor of w and j?
18
Let g be 31*3*4/12. Let x = g - 15. Let k(m) = 13*m - 621. Let a be k(49). Calculate the highest common divisor of x and a.
16
Suppose 0 = 21*w - 117 + 12. Suppose -w*p + 1033 = 53. Suppose l - 25 = 3. Calculate the highest common divisor of l and p.
28
Suppose 0 = a + a - 54. Suppose a*j = -j + 392. What is the greatest common divisor of 238 and j?
14
Suppose 4 = 18*m - 68. Suppose 75 - 15 = m*q. Let o = -58 - -118. Calculate the greatest common divisor of o and q.
15
Let n(h) = -h**2 + 27*h - 45. Let m be n(25). Suppose 2*i - 23 = -g, -3*i + m*g = i - 67. What is the highest common divisor of i and 481?
13
Let k(z) = z**3 + z**2 + 13*z - 42. Let l = -197 + 203. Let a be k(l). What is the highest common factor of 27 and a?
9
Suppose -38*i = -2890 - 3228. Calculate the greatest common divisor of i and 77.
7
Let m(a) = a**3 - 13*a**2 + a - 6. Let d = -288 - -404. Let r = d - 103. Let s be m(r). Calculate the highest common factor of s and 119.
7
Let x(i) = -14*i + 665. Let y be x(30). What is the highest common divisor of 5 and y?
5
Suppose j + 96 = 5*j. Let s be 1578/j + (-9)/12. Let w be 4/6 - (-12 + 440/(-33)). What is the highest common factor of s and w?
13
Let w = 6 + 56. Let b be (-19 - -3555 - 2)/3. What is the highest common divisor of w and b?
62
Let l = -20 + -6. Let m = l + 38. Suppose 117 = i - 3*x, -x = -5*i + 362 + 293. What is the highest common divisor of m and i?
12
Let z = -1020 - -1025. What is the greatest common divisor of z and 2215?
5
Suppose -5*x = -91 + 11. Let c be 3103/2 - ((-88)/(-16) - (-12)/(-2)). Calculate the greatest common divisor of x and c.
16
Suppose -26*i = -31*i + 4950. Suppose 2*o = -7*o + i. What is the highest common factor of o and 10?
10
Let g(f) = -656*f - 9149. Let t be g(-14). Calculate the highest common divisor of t and 3815.
35
Suppose 2*t = -w + 4 + 11, 0 = 3*w - 4*t - 45. Let b(z) = 7*z**2 - 7*z - 9. Let m be b(-6). Calculate the highest common divisor of w and m.
15
Let x be (3 - -142)/(-2 + 3). Suppose 0 = -4*i + 3*z + 32 + 73, -5*i + x = -z. Let b be i/(-20) + (-21)/(-2). Calculate the highest common divisor of 18 and b.
9
Suppose 4*p = 6*p - 4. Let a be (1 - p) + ((-1)/(-1) - -25). Let j = a + -18. Calculate the greatest common factor of 56 and j.
7
Let n = -3223 + 3230. Let u(a) = 2*a**2 + 4*a - 7. Let i be u(-7). What is the highest common divisor of n and i?
7
Let p(t) = 4*t**2 - 146*t - 65. Let b be p(37). Calculate the highest common divisor of 5067 and b.
9
Let s = 37077 + -32563. Calculate the greatest common factor of s and 488.
122
Suppose 484*s - 476*s = 32. Suppose 0 = 3*j + 7*d - 2*d - 51, s*j = 4*d + 36. Let y be 10/(-3)*(-72)/20. Calculate the greatest common divisor of y and j.
12
Suppose 0 = 71*m + 148*m - 1701 - 2679. Suppose 2 = k - 3. Suppose 44 = 4*s - c, 6*c - 38 = -k*s + 3*c. Calculate the greatest common factor of s and m.
10
Suppose -5*a + 5687 = 4*q, -a - 1104 + 3955 = 2*q. Calculate the highest common facto